+ 4 + 478*r. Let c(w) = w**2 + 4*w - 1. Let q be c(-4). What is g(q)?
6
Let v(a) = -29*a**2 + 5*a + 283. Let p(r) = 31*r**2 - 6*r - 338. Let z(j) = -5*p(j) - 6*v(j). Determine z(-2).
68
Let o(i) = i**3 - 5*i**2 - 18*i - 14. Suppose -20*m - 736 = -15*m - 97*m. What is o(m)?
34
Let x(z) = -7*z**3 + 1. Let j = -50 + 61. Let y(q) = q**3 + 3*q**2 - 3*q - 3. Let i be y(-2). Suppose -j*b + i = -4*b. Give x(b).
-6
Let p(s) = -s + 6. Let x be 27/6 - (9/6 + -1). Let c(g) = 3*g - 17. Let o(d) = x*c(d) + 11*p(d). Calculate o(-6).
-8
Let f(t) = -7*t - 26. Let i(h) = -6*h - 21. Let z(l) = 5*f(l) - 6*i(l). What is z(15)?
11
Let f = -6 - -2. Let b(p) be the first derivative of p**5/60 + p**4/6 - p**3/3 + p**2/2 - 37*p + 30. Let z(c) be the second derivative of b(c). What is z(f)?
-2
Let v(y) be the first derivative of -96 - 3*y + 1/3*y**3 + 3*y**2. Determine v(-6).
-3
Let d be ((-8)/(-10))/(8/(-2 - -42)). Let q(u) = -1 - u**2 + 0 + 3 + 9*u - 5*u. Calculate q(d).
2
Suppose -80*j = -75*j + 3*a - 319, 5*j + 5*a = 315. Suppose j - 60 = n. Let c(h) be the third derivative of -h**4/8 - 5*h**3/6 - h**2. Calculate c(n).
-20
Let g(k) = -24*k - 530. Let y(n) = 48*n + 1063. Let b(i) = -11*g(i) - 6*y(i). Determine b(-23).
4
Let f(r) be the second derivative of r**3/2 - r**2 + 13896*r. Let d(s) = 3*s + 0 - s**2 + 2*s**2 + 1. Let a be d(-4). Calculate f(a).
13
Suppose 6*k + 5 = p, 45*k + 9 = 44*k - p. Let g(i) = -9*i**3 + 3*i**2 - i - 5. What is g(k)?
81
Let c(a) = -21*a - 7. Let z(p) = p**2 - 73*p + 1287. Let h be z(43). Give c(h).
56
Let b(n) = -7 - 4 + 0*n**2 - 4*n + n**2. Let r = -17786 - -17791. What is b(r)?
-6
Suppose 5*b - 356 + 333 = 3*z, z = 2*b - 9. Let i(l) = l**3 - 2*l - 3. Calculate i(b).
53
Let r(t) = -t**3 + 11*t**2 - 8*t - 13. Let p = -2547 + 2557. Calculate r(p).
7
Suppose -5*k + 71 = 3*n, 3*k - 2*k = -n + 13. Let i be (-21)/14*k/(-6). Let x(a) = -a**3 + 3*a**2 + 3*a + 7. Determine x(i).
3
Let b be (-3 - -1)*(-8)/(-8). Let k be (b - -6) + (-3)/3. Let l(m) = 126*m**3 + 5 - 5*m**2 - 125*m**k - 1. What is l(3)?
-14
Let f(r) be the first derivative of -r**2/2 + 7*r - 4. Let t be -14 + 1 + 1/1. Let y be -18*(-2 + (-20)/t). Determine f(y).
1
Suppose 6*o - o + 15 = 0. Let j(g) = g**2 - 2*g. Suppose 2*z - 11*z + 9 = 0. Let n(b) = 3*b**2 - 8*b + 4. Let u(l) = z*n(l) - 4*j(l). What is u(o)?
-5
Let l(j) = 21*j + 5. Suppose 61 = -2*q + 83. Let d(f) be the third derivative of -11*f**4/24 - f**3/2 + 16*f**2. Let v(n) = q*d(n) + 6*l(n). Calculate v(2).
7
Let t(o) be the third derivative of o**6/120 + 7*o**5/60 + o**4/6 - 7*o**3/6 - 833*o**2 + 2*o - 3. Give t(-5).
23
Let p(y) = -663 + 315 + 191 + 225 - 9*y + 143. Give p(21).
22
Suppose 22*d - 9 - 22 = 13. Let t(b) = 6*b**3 - 3*b**2 + 4*b - 2. Calculate t(d).
42
Suppose 3*p - 3 = 0, 5*p = 3*i + i - 11. Let k be 1/1*0 + 2 + i. Suppose -3*r - k*r + 72 = 0. Let j(v) = -v**3 + 9*v**2 - 8*v - 8. Calculate j(r).
-8
Let z(m) = -m + 2. Suppose p + 4*p = c - 154, -5*p = -15. Let j = c + -160. What is z(j)?
-7
Let t be 54/(-2 - (-8 + 4)). Let m = 29 - t. Let z(h) = -1 - 1 - 5 - h**3 + 5*h**m + 3*h. Calculate z(5).
8
Let d be ((-15)/5 + 15)/2. Suppose 0*z - 6 = -d*z. Let b(i) = i**3 + 4*i - 6*i + 8*i**2 - 10*i**2 - 2 - z. Give b(3).
0
Let w = -48 - -47. Let o be w*0/(-2) + (-2 - -2). Let g(k) = -k**3 + o*k**3 + 141*k**2 - 2*k - 146*k**2 - 1. Give g(-2).
-9
Let q(a) = 4*a**3 + 10*a**2 + 4*a + 15. Let f(y) = 9*y**3 + 21*y**2 + 10*y + 33. Let t(m) = 3*f(m) - 7*q(m). Calculate t(-7).
-20
Let n(j) = -j**2 + 15*j + 94. Let i be n(-4). Let x(c) = -c**3 + 18*c**2 + 3*c - 25. Calculate x(i).
29
Suppose 176 - 113 = -7*b. Let s(d) = -9*d + 2 - 3*d + d**2 + 21*d. Calculate s(b).
2
Suppose p = -1 + 2. Let w(m) = -m - 10 + 0 - p. Let t be (4/(-10))/((-8)/(-102)) - 912/(-9120). Determine w(t).
-6
Suppose -3*u + 25 = 7. Let w(j) = -24*j + 143. Give w(u).
-1
Let s(x) = -21*x - 1158. Let b be s(-55). Let v(y) = -15*y - 30. What is v(b)?
15
Let z = -31814 + 31809. Let h(b) = -b**2 + 6*b + 50. Give h(z).
-5
Let c(i) be the third derivative of -i**4/12 + 13*i**3/6 - 1954*i**2. Suppose 0*y - 2*y + 20 = 0. Calculate c(y).
-7
Let u(h) = h - 7. Suppose -4*v + 5*k - 2*k + 13 = 0, -2*v - 13 = 5*k. Let o(n) = 2*n - 7. Let m be o(-6). Let i be (v - 0)*(24 + m). Determine u(i).
-2
Suppose 3*h - 18 = -0*h + 2*w, 4*h - 35 = -w. Let x(d) = 20*d - 21. Let z(t) = 13*t - 14. Let c(n) = h*z(n) - 5*x(n). Suppose -2 - 28 = -5*j. Determine c(j).
17
Let b(j) = -j**2 + 2. Let v be b(0). Let x(c) = -v*c - 12*c**2 - c**3 + 13*c**2 + 0 + 2*c**3 + 2. What is x(0)?
2
Let s(b) = 3*b - b - 8 - 4*b. Let j = 4015 - 4019. Let r be s(j). Let v(k) = k**2 + 3. Give v(r).
3
Let t(s) = 2*s**2 + 40*s - 385. Let l be t(7). Let n(m) = m**2 + 3*m - 3. Let k(w) = w - 1. Let r(d) = 3*k(d) + n(d). What is r(l)?
1
Let w(b) be the third derivative of -b**6/120 - 4*b**5/15 - 7*b**4/12 + 7*b**3/2 + 103*b**2 + 3*b. Give w(-15).
6
Let x(o) = o**3 + 8*o**2 - o + 8. Let i(s) = -4*s**3 - 24*s**2 + 3*s - 180. Let d(n) = -i(n) - 3*x(n). Calculate d(0).
156
Let p be ((-10)/(-8))/(9/36). Suppose -p*d = -d - 32. Let s(f) be the second derivative of f**4/12 - 4*f**3/3 - 2*f**2 + 4*f. What is s(d)?
-4
Let z be (-714)/3332*(-21)/54. Let h(k) be the second derivative of 0 + z*k**4 + 2*k + 0*k**2 - 2/3*k**3. What is h(4)?
0
Let i(m) = 1 + 110*m - 49*m - 36*m + 0 - 36*m. Let d(t) = t - 2. Let o be d(4). What is i(o)?
-21
Let d be (-6)/12 - (9/(-6))/(-1). Let q be (4 + d + -3)/((-3)/15). Let g(l) be the second derivative of -7*l**3/6 + 5*l**2/2 - 24*l. Give g(q).
-30
Suppose 2*z + 1615*p = 1613*p + 4, 2*z = 3*p - 6. Let i(m) = -7*m**2 + 5*m - 11. Let q(s) = -11*s**2 + 8*s - 16. Let x(b) = 8*i(b) - 5*q(b). What is x(z)?
-8
Let i = 511 - 511. Let s(l) = 5*l**2 - 3 + i + 4*l**3 + 2 - l - 5*l**2. Calculate s(-1).
-4
Suppose 2*c - 14 = 3*c. Let y(d) = 2357*d - 2345*d - d**3 - 13*d**2 - 34 + 14. Calculate y(c).
8
Let q(a) be the third derivative of -1/15*a**5 - 1/120*a**6 - 5/24*a**4 + 19*a**2 + 0 + 0*a - 1/2*a**3. Let m(f) = 4*f + 1. Let z be m(-1). Determine q(z).
3
Suppose -o = -3*i + 107 + 64, 5*i - 5*o = 285. Let n be (3*-7)/(7/21). Let u = i + n. Let s(z) = -2*z - 3. Calculate s(u).
9
Let a be (0 + -6)/(-1 - -2). Let z(p) = 203*p**2 - 6*p + 14. Let s(g) = 558*g**2 - 18*g + 39. Let i(o) = 4*s(o) - 11*z(o). Determine i(a).
2
Suppose -c = -2*c + 4. Let q(y) be the first derivative of y**4/4 - y**3 - 5*y**2/2 + 6*y + 260. Give q(c).
2
Let o(k) be the first derivative of -k**6/360 + 11*k**5/120 - k**4/2 + 7*k**3/3 - 3*k**2/2 - 9. Let u(l) be the third derivative of o(l). Determine u(9).
6
Let c(s) = -s**2 + 3*s + 146. Suppose -3*v - 4*i = -11 - 15, 68 = 4*v - 3*i. Calculate c(v).
-8
Let y(b) = -91*b + 32 + 4 - 76*b + 168*b. Calculate y(-9).
27
Let n(s) = -2*s + 8. Let l = -189 - -286. Let t = l + -91. What is n(t)?
-4
Let k be 6/(-51) + 300/2550. Let b(j) = j**3 + 12. Determine b(k).
12
Suppose -3*g = 3 + 27. Let o(w) = -w**3 - 10*w**2 + 18. Let h be o(g). Let a(v) = -33*v + 16*v - 10 + h*v. What is a(0)?
-10
Suppose -5*s + s = -s. Suppose 5*h - 3*h - 76 = s. Let y = h - 30. Let g(t) = t - 6. What is g(y)?
2
Let r = -2546 - -2552. Let x(i) be the second derivative of -i**3/6 + 2*i**2 + i. Let p(q) = -q + 4. Let g(s) = r*x(s) - 5*p(s). Calculate g(-7).
11
Let u(y) = y + 17. Suppose 2*s - 7*f = -2*f - 13, -2*f = 2*s - 8. Suppose -5*n - 33 = -4*w, -w + 4*w + n = s. Suppose w*c + 2 = 2. What is u(c)?
17
Let s(g) = g**2 - g + 21. Let k be ((-1 + 3)*2)/(-6 + 4). Let a(t) = -t**3 - 3*t**2 - 5*t - 6. Let l be a(k). Calculate s(l).
21
Suppose 0 = -3*b + 3*z + 6 + 27, -5*b + 4*z = -54. Let o(u) = 2*u**2 - 22*u + 18. Give o(b).
-2
Let a(m) = -14*m - 1 - 381*m + 395*m - 40*m**2. Give a(1).
-41
Let j(x) be the first derivative of -x**2/2 - 2*x + 373. Let n(q) = -3*q + 13. Let r be n(6). Give j(r).
3
Let m = 1066 + -1523. Let q = m - -457. Let d(l) = -l**3 - l + 7. Calculate d(q).
7
Let i(y) = 5*y + 37. Suppose 0 = 22*b - 25*b - 4*m, 4*b = 2*m. Give i(b).
37
Let x(q) = -q + 12. Suppose -7*p + 28 + 42 = 0. Let d(o) = -o**3 + 10*o**2 + o - 2. Let h be d(p). Let r be 86/h - 12/16. Give x(r).
2
Let l(y) = -y**3 - 14*y**2 + 19*y - 5. Let h = -3074 - -3059. What is l(h)?
-65
Suppose 5*d - 60 = 5*m, -5*d + 48 = 23*m - 22*m. Let j(i) = 5